
-1
Let b(j) = -6*j + 81. What is b(0)?
81
Let v(t) = 6*t**2 + 25*t - 118. What is v(-7)?
1
Let l(h) = h**3 - 41*h**2 + 119*h - 186. What is l(38)?
4
Let n(w) = 27*w**2 + 225*w + 28. What is n(-10)?
478
Let k(h) = 1582*h - 30045. Calculate k(19).
13
Let u(l) = -3*l**2 - 21*l - 11. Give u(-16).
-443
Let a(j) = 5*j + 217. Calculate a(-44).
-3
Let d(t) = t**2 - 29*t - 24. Determine d(0).
-24
Let d(t) = t**2 + 276*t - 3135. Calculate d(11).
22
Let t(x) = 71*x - 481. What is t(7)?
16
Let t(q) = -27*q**3 + q**2 + 45*q - 46. Calculate t(1).
-27
Let f(i) = 81*i + 37. Give f(0).
37
Let t(z) = -170*z - 1706. Give t(-10).
-6
Let v(p) = p**3 - 26*p**2 - 49*p + 572. Determine v(27).
-22
Let p(u) = -10*u - 312. Give p(-30).
-12
Let l(q) = -2*q**2 - 40*q - 238. Give l(-15).
-88
Let i(k) = 8*k + 473. Give i(-59).
1
Let l(b) = b**3 + 61*b**2 + 515*b + 262. Calculate l(-51).
7
Let n(t) = -t**3 - 141*t**2 - 68*t + 10068. Give n(-140).
-12
Let c(p) = p**3 + p**2 - 76*p - 19. What is c(-9)?
17
Let i(p) = p + 81. Give i(-7).
74
Let x(z) = -z**3 - 5*z**2 + 38*z + 71. Give x(-10).
191
Let r(t) = -8*t**2 - 27*t + 86. Calculate r(3).
-67
Let f(h) = 2*h**2 - 86*h - 96. Give f(44).
-8
Let p(t) = -t**3 + 20*t**2 - 52*t + 32. Give p(17).
15
Let j(r) = 2*r**3 - 178*r**2 + 678*r + 160. Determine j(85).
-10
Let o(h) = -h**3 + 36*h**2 - 193*h + 384. Give o(30).
-6
Let x(b) = -4*b**3 + 308*b**2 - 7*b + 333. Give x(77).
-206
Let u(f) = -4*f**2 - 20*f + 1. Give u(-5).
1
Let a(o) = o**3 + 53*o**2 + 611*o - 14. What is a(-36)?
22
Let n(p) = -141*p + 3. Give n(-1).
144
Let t(u) = u**2 + 12*u - 152. Calculate t(-21).
37
Let a(x) = 3*x**3 - 8*x**2 - 2*x. What is a(4)?
56
Let y(z) = -5*z**3 - 308*z**2 + 101*z - 1419. What is y(-62)?
7
Let j(l) = l**3 - 48*l**2 - 145*l - 280. What is j(51)?
128
Let x(r) = 2*r**3 + 2*r**2 - 8*r - 11. Give x(-2).
-3
Let i(u) = -117*u + 534. Determine i(5).
-51
Let i(b) = -222*b - 21966. Determine i(-99).
12
Let c(n) = -n**3 - n**2 + 134*n + 628. Calculate c(13).
4
Let b(r) = -r**3 - 16*r**2 - 2*r - 46. Determine b(-16).
-14
Let i(l) = 6*l**2 - 157*l + 1041. Calculate i(13).
14
Let u(r) = r**3 - 21*r**2 - 71*r - 2. Give u(24).
22
Let j(s) = s**3 + 13*s**2 + 23*s + 176. What is j(-12)?
44
Let m(v) = 20*v**2 - 481*v + 64. Calculate m(24).
40
Let c(v) = -2*v**2 - 364*v - 4387. What is c(-169)?
7
Let m(c) = c**3 + 31*c**2 - 100*c + 14. Determine m(3).
20
Let v(h) = -20*h**2 + 8. Give v(-2).
-72
Let v(p) = -5*p**2 - 15*p - 47. What is v(-6)?
-137
Let b(w) = 31*w - 2915. What is b(94)?
-1
Let i(n) = -2*n**2 - 137*n - 196. What is i(-67)?
5
Let p(r) = -r**3 - 76*r**2 + 24*r + 1816. What is p(-76)?
-8
Let j(o) = -120*o + 17538. Calculate j(146).
18
Let x(h) = h**2 - 178*h + 6238. Determine x(48).
-2
Let g(t) = 23*t**2 + 367*t + 13. Determine g(-16).
29
Let x(v) = -18*v - 1496. What is x(-83)?
-2
Let i(c) = -20*c - 753. What is i(-37)?
-13
Let j(z) = -3*z**2 - 567*z - 1093. What is j(-187)?
29
Let k(x) = x**3 - 27*x**2 + 56*x - 156. Give k(25).
-6
Let l(x) = -15*x - 107. Give l(-7).
-2
Let c(q) = -q**3 - 12*q**2 - 37*q - 294. Determine c(-13).
356
Let f(s) = 2*s**2 - 216*s - 899. What is f(-4)?
-3
Let p(r) = 10*r - 142. Determine p(12).
-22
Let g(o) = -11*o**3 - 284*o**2 + 50*o - 56. Determine g(-26).
-4
Let m(n) = -n**3 + 23*n**2 + 25*n + 669. Give m(25).
44
Let k(t) = 2*t**2 - 161*t + 1385. Calculate k(71).
36
Let m(r) = 9*r - 841. Determine m(92).
-13
Let z(k) = -k**3 - 7*k**2 - 4*k + 39. Determine z(-7).
67
Let j(p) = 2597*p + 23395. Determine j(-9).
22
Let v(d) = -43*d**2 - 9*d - 14. What is v(-2)?
-168
Let v(j) = -j**3 - 49*j**2 + 156*j - 6. Determine v(-52).
-6
Let g(i) = i**3 - 11*i**2 + 18*i - 72. What is g(7)?
-142
Let a(s) = -43*s**2 + 125*s - 85. Determine a(2).
-7
Let h(v) = -4*v**2 - 43*v - 19. Calculate h(-8).
69
Let b(p) = p**2 - 10*p - 86. Determine b(16).
10
Let n(t) = 8*t + 319. What is n(19)?
471
Let b(u) = u**3 - 11*u**2 + 14*u + 21. Give b(5).
-59
Let j(p) = -2*p**3 - 6*p**2 - 20*p + 23. Give j(3).
-145
Let m(s) = -16*s**2 + 229*s + 16. What is m(14)?
86
Let u(s) = 9*s**3 - 5*s**2 - 6*s - 37. Calculate u(-3).
-307
Let b(s) = 742*s + 270836. Calculate b(-365).
6
Let u(o) = -13*o**2 - 5*o - 4. Calculate u(-4).
-192
Let j(t) = 49*t + 2235. Calculate j(-45).
30
Let v(b) = 33*b - 182. Determine v(4).
-50
Let m(n) = -n**3 + 26*n**2 + 21*n - 138. Calculate m(27).
-300
Let y(b) = 156*b - 1177. Give y(8).
71
Let p(w) = 27*w + 3792. Calculate p(-134).
174
Let b(t) = 39*t**3 + 1364*t**2 - 33*t + 72. Determine b(-35).
2
Let n(k) = 4*k**2 - 11*k + 22. Calculate n(3).
25
Let a(w) = 64*w**3 + 3*w**2 + 13*w - 15. Calculate a(1).
65
Let b(g) = 230*g - 402. Calculate b(2).
58
Let p(s) = 150*s - 3828. Determine p(25).
-78
Let d(s) = 735*s - 11862. What is d(16)?
-102
Let s(n) = -23*n + 20. Determine s(-10).
250
Let l(k) = k**3 + 6*k**2 - 51*k - 109. Determine l(-10).
1
Let h(g) = 7*g**3 + 5*g**2 - 4*g + 2. Give h(3).
224
Let l(g) = -38*g - 124. Determine l(-3).
-10
Let o(s) = -409*s + 2458. Determine o(6).
4
Let f(n) = 45*n**2 - 451*n + 10. Determine f(10).
0
Let o(y) = y**3 - 12*y**2 - 9*y + 19. Give o(11).
-201
Let i(w) = -12*w**2 - 157*w - 157. What is i(-1)?
-12
Let k(s) = -1353*s + 1328. Give k(1).
-25
Let z(f) = -27*f + 589. Calculate z(22).
-5
Let j(u) = -24*u**2 - 587*u - 137. Calculate j(-24).
127
Let j(a) = -5*a - 51. Determine j(-23).
64
Let b(d) = -295*d + 37453. Give b(127).
-12
Let t(r) = 4*r**3 - 2*r**2 + 5*r - 41. Calculate t(3).
64
Let a(x) = 702*x + 7809. Determine a(-11).
87
Let y(k) = 447*k - 6253. Calculate y(14).
5
Let d(l) = -3*l**3 - 2*l**2 - 4*l + 4. Calculate d(3).
-107
Let u(d) = d**3 + 12*d**2 + 16*d + 11. Determine u(-12).
-181
Let j(g) = 14*g + 17. Determine j(-7).
-81
Let q(d) = -d**3 + 62*d**2 - 178*d + 35. Determine q(59).
-24
Let i(w) = -16*w**2 - 12*w + 7. What is i(1)?
-21
Let r(t) = 236*t - 3107. Determine r(13).
-39
Let l(b) = -b**2 - 63*b + 1075. What is l(-77)?
-3
Let a(r) = 2*r**2 - 30*r - 114. Determine a(16).
-82
Let z(s) = -s**2 + 12*s + 95. What is z(21)?
-94
Let n(d) = 6*d**3 - 33*d**2 + 41*d - 11. Give n(4).
9
Let w(m) = 2*m**2 + m - 88. Calculate w(12).
212
Let h(x) = x**3 - 5*x**2 - 13*x - 63. Determine h(8).
25
Let k(i) = 2*i**2 + 375*i - 1522. What is k(4)?
10
Let f(y) = -812*y - 6519. Give f(-8).
-23
Let m(s) = s**3 + 2*s**2 - 19*s - 7. What is m(4)?
13
Let v(x) = 4*x**2 + 61*x + 227. What is v(-8)?
-5
Let j(a) = 6*a**2 - 43*a - 37. What is j(8)?
3
Let h(y) = -7*y + 48. Give h(7).
-1
Let y(h) = -50*h - 436. Give y(-9).
14
Let c(n) = -66*n**2 + 10*n - 32. Give c(3).
-596
Let a(x) = -14*x**3 - 643*x**2 + 45*x - 42. Calculate a(-46).
4
Let q(z) = -20*z**2 - 128*z. What is q(-6)?
48
Let i(o) = -11*o + 100. Calculate i(8).
12
Let j(r) = 152*r**3 + 2592*r**2 + 138*r + 32. Determine j(-17).
-2
Let n(m) = -83*m**3 - m**2 + m + 2. Calculate n(-1).
83
Let a(d) = -d**3 - 2*d**2 + 115*d + 366. Determine a(-10).
16
Let s(c) = -c**2 - 70*c - 744. Calculate s(-14).
40
Let s(o) = -2339*o - 14026. Calculate s(-6).
8
Let v(s) = 22*s + 42. Give v(-10).
-178
Let m(h) = 3*h**3 - 8*h**2 - 7*h + 7. Calculate m(3).
-5
Let p(o) = -4*o - 88. Calculate p(-23).
4
Let d(h) = -h**3 + 12*h**2 - 19*h - 28. What is d(8)?
76
Let b(l) = 3*l**2 + 59*l + 112. Give b(-2).
6
Let n(z) = -44*z - 114. Calculate n(-11).
370
Let z(j) = -1372*j + 54877. Give z(40).
-3
Let p(u) = -7*u + 207. Give p(28).
11
Let q(p) = -82*p + 1214. What is q(19)?
-344
Let b(u) = -11*u - 280. Calculate b(-24).
-16
Let w(k) = -k**3 - 13*k**2 - 33*k + 50. Give w(-4).
38
Let t(v) = -6*v**2 + 28*v + 6. Give t(5).
-4
Let r(h) = -8*h + 70. Calculate r(-5).
110
Let w(p) = 10*p**2 - 54*p - 55. What is w(-1)?
9
Let z(c) = 874*c + 9623. Determine z(-11).
9
Let t(h) = 147*h + 9916. Give t(-67).
67
Let o(z) = 2*z**3 + 126*z**2 - 21*z - 398. Calculate o(-63).
925
Let k(m) = m**2 + 10*m + 156. What is k(-14)?
212
Let v(q) = 3*q**2 + 25*q - 9. Determine v(-8).
-17
Let o(z) = -13*z**2 - 29*z - 3. Give o(-2).
3
Let s(y) = y**2 + 30*y + 119. Give s(-23).
-42
Let s(z) = -2*z**2 + 46*z + 120. What is s(25)?
20
Let y(d) = 1841*d + 14733. What is y(-8)?
5
Let v(n) = -15*n - 58. Give v(-13).
137
Let h(a) = -20*a**2 - 10*a - 29. Determine h(-3).
-179
Let j(z) = -z**2 - 147*z - 5209. Calculate 